 the greatest common factor of p and 18.
2
Let i = 49 + -3. Calculate the greatest common divisor of 115 and i.
23
Suppose -4*w - u + 28 = 3*u, 6 = 2*u. Suppose -i + 5*i - 16 = 0. Calculate the highest common divisor of w and i.
4
Suppose 6*t - t = -15. Let v(f) = f**2 + f - 3. Let y be v(t). Suppose 2 = 3*a - 2*j - 29, 2*a - y*j - 19 = 0. What is the greatest common factor of a and 1?
1
Suppose 0 = f + 2*f - 9. Suppose f*d + 0*d = -3*i, 0 = -5*d + 5*i + 20. Let r = d + 3. Calculate the greatest common divisor of r and 20.
5
Let d(t) = -40*t**3 + 2*t**2 + t - 1. Let o be d(-1). Calculate the highest common factor of o and 280.
40
Suppose -3 = -9*i + 6*i. Calculate the greatest common factor of i and 3.
1
Suppose -3*u + 4 = -u. Suppose 0 = -r + u + 1. Suppose 3*l + 99 = 4*a, 3*a - 5*l = 66 + 11. What is the highest common divisor of a and r?
3
Let v(y) = y**3 - 8*y**2 - 9. Let f be v(8). Let t = -1 - f. Let c be 244/6 - (-4)/(-6). Calculate the greatest common factor of c and t.
8
Let n = -4 + 3. Let h be n/(-2)*(2 - -2). What is the highest common divisor of h and 8?
2
Let q = -14 - -32. What is the greatest common factor of q and 12?
6
Suppose 0 = b + b - 12. Let w = b + -1. What is the greatest common factor of 55 and w?
5
Suppose i - 5*i = 0. Suppose 5*b + 5*x - 2*x = 50, -2*b - x + 21 = i. Let m = -183 - -326. Calculate the highest common factor of b and m.
13
Suppose w - 17 = -1. Suppose t - m = -4*m + 12, -5*t + m = -124. What is the highest common factor of w and t?
8
Let w = -97 - -193. Let h(l) = 2*l - 5. Let j be h(4). Let x be (18/3)/j + 10. Calculate the highest common divisor of x and w.
12
Suppose 3*m = 4*q - 12, -q + 1 + 11 = -3*m. Suppose 0*l + 4*l - y = 23, -4*l - 5*y + 53 = q. Calculate the greatest common factor of 49 and l.
7
Let y = -21 + 26. Let z be (-4 - -2)*35/(-2). What is the greatest common factor of y and z?
5
Let m = 23 - 17. Calculate the greatest common factor of 2 and m.
2
Let k = -3 + 11. Suppose 26 = n - 30. What is the greatest common factor of n and k?
8
Suppose 2*q + 8 = -2. Let n = q + 10. Suppose 0*z + n*z - 400 = 0. What is the highest common divisor of z and 10?
10
Suppose -g + 68 = 2*o - 0*g, 5*o = 5*g + 185. What is the greatest common divisor of o and 14?
7
Suppose -5*u + 19 = -2*c, 10 = -u + 5*u + c. Calculate the highest common factor of 33 and u.
3
Suppose 5 = 3*u - 16. Calculate the highest common divisor of u and 2.
1
Suppose -5*g = -0*g - 920. Suppose -m = -g - 5. Suppose 0 = -3*p + a - 3*a + 57, -2*p + 3*a = -51. Calculate the greatest common factor of p and m.
21
Suppose 0*k - 360 = -5*k. What is the highest common factor of 18 and k?
18
Let s(z) = z**2 + 2*z + 88. Let j be s(0). What is the highest common factor of j and 11?
11
Let a(p) = p**3 - 4*p**2 + p + 2. Let l be a(4). Let q = -2 + l. Suppose -2*i + q*y + 76 = 0, -i + 3 = -y - 30. What is the highest common divisor of i and 70?
14
Let s = 95 + -50. Let n = 0 + 9. Calculate the greatest common divisor of s and n.
9
Let s(i) = -2*i + 4*i + i - 3 + 0*i. Let h be s(-4). Let z be 6/h + 17/5. What is the highest common divisor of z and 33?
3
Let x be ((-9)/(-1))/((-10)/(-30)). What is the greatest common factor of x and 9?
9
Let o(n) = -n**3 + n**2 + 2*n. Let u be o(-2). Suppose -5*d + 27 - 2 = 0. Suppose d*g + 168 = 608. What is the highest common divisor of g and u?
8
Let w = 54 + -15. What is the highest common factor of w and 39?
39
Let l(w) = w**3 - 6*w**2 + 3*w + 7. Suppose 0 = -2*t + 10 - 0. Let z be l(t). Let u be 1/(z/(-12*14)). What is the greatest common factor of 8 and u?
8
Let c be (-6)/(-1) - (-8 - -11). Suppose c*k - k = 144. Calculate the greatest common divisor of 8 and k.
8
Let o be 16*(-1)/(0 + -1). Suppose 2*q = 5*q - 240. Calculate the highest common factor of o and q.
16
Let q = 14 + -10. Suppose 4*x - 20 + q = 0. What is the greatest common divisor of 36 and x?
4
Suppose 5*p - 6*p = 7. Let w be 4 + p + 2 - -4. What is the highest common divisor of w and 2?
1
Let o(x) = -x**2 - 7*x + 6. Let w be 15/(-3) - 2/2. Let y be o(w). Let c(z) = z**2 - 4. Let u be c(4). What is the greatest common divisor of u and y?
12
Suppose 3*m - 1123 = 605. Suppose -m = -0*j - 3*j. What is the highest common divisor of 24 and j?
24
Let i = 224 - 159. Suppose 0 = 6*w - w - i. Let s = w + -2. What is the greatest common factor of 77 and s?
11
Suppose 0 = -2*g + 6*g + 3*h - 23, 44 = 4*g - 4*h. What is the greatest common divisor of 1 and g?
1
Suppose s = 4*p + 8 - 183, 3*p + 5*s - 160 = 0. Suppose t + 3*o - 12 = 0, 2*o = -0*t + 2*t - 40. Calculate the highest common divisor of p and t.
9
Let x = 27 - 18. Suppose -57 + x = -w. What is the greatest common divisor of 120 and w?
24
Let v be -2 + 4/2 - 2. Let u be (v/(-4))/(2/240). Suppose 41 + 19 = 3*y. What is the greatest common divisor of y and u?
20
Let s be (88/(-11))/((-2)/4). What is the greatest common divisor of 40 and s?
8
Let f = 112 + 9. What is the highest common factor of 11 and f?
11
Suppose -219 = -z + 111. Calculate the highest common divisor of z and 30.
30
Let z(n) = -n**2 - 8*n - 7. Let t be z(-5). Let m = t + -5. Suppose m*h - 70 = h. What is the greatest common divisor of h and 5?
5
Let r be (0 + -2)/((-1)/1). Suppose 0 = -r*h - 2 + 16. Suppose h + 4 = q. Calculate the highest common factor of q and 11.
11
Let r be 2/3*(36 - -3). Let k = -211 - -93. Let o be k/(-3) - 1/3. Calculate the greatest common factor of o and r.
13
Suppose -2*z + 14 = 4*t, 0 = -0*t - 4*t + 8. Let l(j) = -2*j + 15 + j - j**2 - z. Let u be l(0). What is the greatest common divisor of 3 and u?
3
Let l(b) = 2*b - 1. Let m be l(7). What is the greatest common factor of 13 and m?
13
Let m be 6/4 + 2/(-4). Let l be 2*57/(-6) - m. Let r be (-3)/(26/l - -1). What is the highest common divisor of r and 20?
10
Let w(p) = p. Let d be w(3). Let g be 9/2*40/d. Suppose k + g = 6*k. What is the greatest common divisor of k and 12?
12
Suppose 2*a - 244 = -2*f + 110, 5*f = -4*a + 710. Let x(u) = -u**3 - 5*u**2 - 4*u + 5. Let g be x(-5). What is the highest common factor of g and a?
25
Suppose 12 = 5*g - 2*g. Suppose 0 = 3*c + 58 - 64. What is the greatest common factor of g and c?
2
Let m = -23 - -13. Suppose 0 = -3*h + 26 + 25. Let x = h + m. What is the greatest common factor of x and 56?
7
Let o = -8 + 14. Let y = -3 + o. Suppose -3*d + 25 = 3*i - i, -y*d + i + 10 = 0. What is the greatest common factor of 15 and d?
5
Let m = 41 + -25. Calculate the greatest common divisor of 112 and m.
16
Let q(j) = -j**3 - 6*j**2 - 2*j + 7. Suppose 0 = -t + 1, -4*t = -3*r - 43 - 0. Let c = r + 7. Let g be q(c). Calculate the greatest common factor of g and 19.
19
Let x = -4 - -6. Suppose 44 = -2*q - x*q. Let j = q + 21. Calculate the greatest common factor of 90 and j.
10
Let a = -1 + 2. Let z be (a - -1 - 2) + 2. Let x be (3/3 + 43)*z. Calculate the greatest common divisor of x and 11.
11
Suppose z - 51 = 2*o, -2*z + 3*o - 74 = -4*z. Let i = -19 + z. Let h = -3 - -9. Calculate the greatest common factor of i and h.
6
Let b(h) = 8*h. Let z be b(2). Suppose 0 = 4*c - 4*w, c + 8 - 20 = 5*w. Let y = c + 7. What is the highest common divisor of z and y?
4
Let z = -8 - -7. Let h = z + 12. What is the highest common factor of h and 22?
11
Suppose 3*k - 55 = -7. Let v be (16/10)/((-3)/(-30)). Calculate the highest common divisor of v and k.
16
Let j be -1 + 1 - (-104 + -4). Suppose 0*f + 5*u + 37 = f, -4*f - 4*u = -28. What is the greatest common factor of j and f?
12
Let h = -20 - -53. Let y be (1 + h)*(-12)/(-24). Let f = 123 - 4. Calculate the highest common factor of f and y.
17
Let h be (-4)/6*3/(-2). Suppose -4*o - h = -17. Suppose -3*p - o*t = p - 692, 0 = 2*p - 5*t - 367. What is the greatest common factor of 22 and p?
22
Suppose n + 4*y = 6*y - 2, -y + 28 = 4*n. Calculate the greatest common divisor of n and 12.
6
Let f = -7 - -10. Suppose -f*h - 35 = 2*h. Let o be (27/(-2))/(h/14). Calculate the greatest common factor of o and 9.
9
Suppose 10*p + 750 = 16*p. Let t(w) = 3*w**2 - 5*w. Let g be t(5). Calculate the greatest common divisor of p and g.
25
Let w be (3 + (-3 - 2))*2. Let k be w + (-34)/(4 + -5). Calculate the greatest common divisor of 20 and k.
10
Let w = -26 - -28. Suppose -4*u + q = -147, 70 = 5*u + 5*q - 145.